{"id":25,"date":"2019-03-19T20:08:09","date_gmt":"2019-03-19T20:08:09","guid":{"rendered":"https:\/\/physiotherapie-bunke.de\/?page_id=25"},"modified":"2019-03-27T11:52:40","modified_gmt":"2019-03-27T10:52:40","slug":"impressum","status":"publish","type":"page","link":"https:\/\/www.physiotherapie-bunke.de\/index.php\/impressum\/","title":{"rendered":"Impressum"},"content":{"rendered":"\n<h3>SVENJA BUNKE<br>PHYSIOTHERAPIE PRAXIS<\/h3>\n\n\n\n<p>Steinf\u00f6rder&nbsp;Stra\u00dfe 100<br>29323 Wietze<\/p>\n\n\n\n<p>Tel.:  05146-9877033<br>Fax.:  05146-9877035<\/p>\n\n\n\n<p><em>Mitglied im Bundesverband selbstst\u00e4ndiger Physiotherapeuten &#8211; IFK e.V.<\/em> <\/p>\n\n\n\n<h4>Gestaltung und Programmierung<\/h4>\n\n\n\n<p><em>Hartwig Lecker Get-It-Soft GbR<br><a rel=\"noreferrer noopener\" aria-label=\"www.get-it-soft.de (\u00f6ffnet in neuem Tab)\" href=\"https:\/\/www.get-it-soft.de\" target=\"_blank\">www.get-it-soft.de<\/a><\/em><\/p>\n\n\n\n<h4>Quellennachweise<\/h4>\n\n\n\n<p>Videos:<br><a href=\"https:\/\/www.videografie-linne.de\/\">www.videografie-linne.de<\/a><br><br>Bilder:<br>&#8211;<br><br>Weitere Quellennachweise werden in K\u00fcrze eingepflegt!<\/p>\n","protected":false},"excerpt":{"rendered":"<p>SVENJA BUNKEPHYSIOTHERAPIE PRAXIS Steinf\u00f6rder&nbsp;Stra\u00dfe 10029323 Wietze Tel.: 05146-9877033Fax.: 05146-9877035 Mitglied im Bundesverband selbstst\u00e4ndiger Physiotherapeuten &#8211; IFK e.V. Gestaltung und Programmierung Hartwig Lecker Get-It-Soft GbRwww.get-it-soft.de Quellennachweise Videos:www.videografie-linne.de Bilder:&#8211; Weitere Quellennachweise werden in K\u00fcrze eingepflegt!<\/p>\n","protected":false},"author":1,"featured_media":0,"parent":0,"menu_order":0,"comment_status":"closed","ping_status":"closed","template":"","meta":[],"categories":[],"tags":[],"_links":{"self":[{"href":"https:\/\/www.physiotherapie-bunke.de\/index.php\/wp-json\/wp\/v2\/pages\/25"}],"collection":[{"href":"https:\/\/www.physiotherapie-bunke.de\/index.php\/wp-json\/wp\/v2\/pages"}],"about":[{"href":"https:\/\/www.physiotherapie-bunke.de\/index.php\/wp-json\/wp\/v2\/types\/page"}],"author":[{"embeddable":true,"href":"https:\/\/www.physiotherapie-bunke.de\/index.php\/wp-json\/wp\/v2\/users\/1"}],"replies":[{"embeddable":true,"href":"https:\/\/www.physiotherapie-bunke.de\/index.php\/wp-json\/wp\/v2\/comments?post=25"}],"version-history":[{"count":5,"href":"https:\/\/www.physiotherapie-bunke.de\/index.php\/wp-json\/wp\/v2\/pages\/25\/revisions"}],"predecessor-version":[{"id":126,"href":"https:\/\/www.physiotherapie-bunke.de\/index.php\/wp-json\/wp\/v2\/pages\/25\/revisions\/126"}],"wp:attachment":[{"href":"https:\/\/www.physiotherapie-bunke.de\/index.php\/wp-json\/wp\/v2\/media?parent=25"}],"wp:term":[{"taxonomy":"category","embeddable":true,"href":"https:\/\/www.physiotherapie-bunke.de\/index.php\/wp-json\/wp\/v2\/categories?post=25"},{"taxonomy":"post_tag","embeddable":true,"href":"https:\/\/www.physiotherapie-bunke.de\/index.php\/wp-json\/wp\/v2\/tags?post=25"}],"curies":[{"name":"wp","href":"https:\/\/api.w.org\/{rel}","templated":true}]}}